 by 62.
59
What is the remainder when 8965 is divided by 374?
363
What is the remainder when 105 is divided by 93?
12
What is the remainder when 30005 is divided by 29996?
9
Calculate the remainder when 86267 is divided by 37.
20
Calculate the remainder when 227125 is divided by 11.
8
What is the remainder when 2982 is divided by 93?
6
Calculate the remainder when 8226 is divided by 168.
162
What is the remainder when 1287688 is divided by 26?
12
What is the remainder when 58159 is divided by 18?
1
Calculate the remainder when 22867 is divided by 1424.
83
Calculate the remainder when 4840 is divided by 1611.
7
Calculate the remainder when 925953 is divided by 356.
353
What is the remainder when 86928 is divided by 164?
8
Calculate the remainder when 6267 is divided by 1388.
715
What is the remainder when 611271 is divided by 7?
3
Calculate the remainder when 453364 is divided by 1288.
1276
What is the remainder when 234458 is divided by 38?
36
Calculate the remainder when 6468159 is divided by 1640.
1639
What is the remainder when 174199 is divided by 174194?
5
Calculate the remainder when 60263 is divided by 41.
34
What is the remainder when 1126 is divided by 932?
194
Calculate the remainder when 12157 is divided by 74.
21
Calculate the remainder when 74211 is divided by 186.
183
What is the remainder when 6048 is divided by 888?
720
Calculate the remainder when 16020 is divided by 4004.
4
Calculate the remainder when 5852 is divided by 26.
2
What is the remainder when 6826 is divided by 6?
4
Calculate the remainder when 1631848 is divided by 1018.
1012
Calculate the remainder when 6764 is divided by 68.
32
Calculate the remainder when 14959699 is divided by 293.
291
What is the remainder when 1124 is divided by 147?
95
Calculate the remainder when 153596 is divided by 122.
120
What is the remainder when 16414 is divided by 75?
64
Calculate the remainder when 950509 is divided by 83.
76
Calculate the remainder when 1406 is divided by 469.
468
Calculate the remainder when 147797 is divided by 161.
160
What is the remainder when 107694 is divided by 8?
6
Calculate the remainder when 6565 is divided by 136.
37
Calculate the remainder when 70781 is divided by 5444.
9
What is the remainder when 2992350 is divided by 326?
322
Calculate the remainder when 146519 is divided by 110.
109
Calculate the remainder when 92756 is divided by 1893.
1892
What is the remainder when 1742 is divided by 421?
58
Calculate the remainder when 4472 is divided by 4463.
9
Calculate the remainder when 5784 is divided by 1910.
54
What is the remainder when 6010 is divided by 20?
10
Calculate the remainder when 28326 is divided by 363.
12
Calculate the remainder when 285371 is divided by 50.
21
Calculate the remainder when 3151 is divided by 1492.
167
What is the remainder when 16056 is divided by 73?
69
Calculate the remainder when 162778 is divided by 3391.
10
Calculate the remainder when 416408 is divided by 215.
168
Calculate the remainder when 1700 is divided by 189.
188
What is the remainder when 4504 is divided by 195?
19
Calculate the remainder when 403149 is divided by 5.
4
Calculate the remainder when 1796292 is divided by 47.
46
Calculate the remainder when 13217 is divided by 4403.
8
What is the remainder when 650785 is divided by 21?
16
What is the remainder when 2879 is divided by 76?
67
Calculate the remainder when 18802 is divided by 553.
0
What is the remainder when 2035005 is divided by 64?
61
What is the remainder when 22298 is divided by 18?
14
What is the remainder when 18932 is divided by 729?
707
What is the remainder when 152565 is divided by 620?
45
Calculate the remainder when 9411 is divided by 2337.
63
What is the remainder when 1874 is divided by 2?
0
Calculate the remainder when 239188 is divided by 66.
4
What is the remainder when 489583 is divided by 200?
183
What is the remainder when 5681 is divided by 36?
29
Calculate the remainder when 355 is divided by 18.
13
Calculate the remainder when 207512 is divided by 9.
8
Calculate the remainder when 4036 is divided by 252.
4
Calculate the remainder when 193449 is divided by 226.
219
What is the remainder when 7093 is divided by 169?
164
Calculate the remainder when 664 is divided by 254.
156
What is the remainder when 376203 is divided by 427?
16
Calculate the remainder when 239585 is divided by 1479.
1466
Calculate the remainder when 14421 is divided by 107.
83
Calculate the remainder when 3546 is divided by 595.
571
What is the remainder when 945567 is divided by 945555?
12
Calculate the remainder when 11707 is divided by 1.
0
Calculate the remainder when 183798 is divided by 22974.
6
What is the remainder when 138456 is divided by 307?
306
Calculate the remainder when 6916 is divided by 188.
148
Calculate the remainder when 14116 is divided by 83.
6
Calculate the remainder when 169578 is divided by 18842.
0
What is the remainder when 1996 is divided by 398?
6
What is the remainder when 48902 is divided by 39?
35
Calculate the remainder when 133032 is divided by 1137.
3
What is the remainder when 46495 is divided by 11622?
7
What is the remainder when 1708 is divided by 139?
40
What is the remainder when 9019 is divided by 1792?
59
Calculate the remainder when 505 is divided by 74.
61
Calculate the remainder when 69800 is divided by 65.
55
Calculate the remainder when 27863 is divided by 43.
42
What is the remainder when 11714 is divided by 837?
833
What is the remainder when 247455 is divided by 592?
591
Calculate the remainder when 58374 is divided by 125.
124
Calculate the remainder when 105 is divided by 51.
3
What is the remainder when 28769 is divided by 140?
69
Calculate the remainder when 63261 is divided by 190.
181
Calculate the remainder when 48615 is divided by 7.
0
Calculate the remainder when 4439 is divided by 320.
279
Calculate the remainder when 9738 is divided by 3210.
108
What is the remainder when 501785 is divided by 7?
4
What is the remainder when 383 is divided by 62?
11
What is the remainder when 33618 is divided by 501?
51
What is the remainder when 19717 is divided by 730?
7
Calculate the remainder when 2253 is divided by 122.
57
What is the remainder when 2891 is divided by 2859?
32
What is the remainder when 271213 is divided by 9?
7
Calculate the remainder when 4945 is divided by 963.
130
Calculate the remainder when 36379 is divided by 3030.
19
Calculate the remainder when 5553 is divided by 26.
15
Calculate the remainder when 3342 is divided by 22.
20
Calculate the remainder when 2679 is divided by 76.
19
Calculate the remainder when 1359 is divided by 408.
135
Calculate the remainder when 10023 is divided by 2260.
983
What is the remainder when 7248 is divided by 1049?
954
Calculate the remainder when 65645 is divided by 26.
21
What is the remainder when 242244 is divided by 1022?
30
What is the remainder when 13957 is divided by 317?
9
Calculate the remainder when 16260 is divided by 1806.
6
What is the remainder when 69082 is divided by 42?
34
Calculate the remainder when 10093 is divided by 3344.
61
What is the remainder when 108755 is divided by 90?
35
Calculate the remainder when 88802 is divided by 153.
62
What is the remainder when 1011 is divided by 41?
27
Calculate the remainder when 11544 is divided by 269.
246
Calculate the remainder when 749 is divided by 166.
85
What is the remainder when 5530 is divided by 253?
217
Calculate the remainder when 205079 is divided by 12063.
8
What is the remainder when 888 is divided by 392?
104
What is the remainder when 3365 is divided by 1104?
53
Calculate the remainder when 230571 is divided by 236.
235
Calculate the remainder when 18527 is divided by 686.
5
What is the remainder when 308495 is divided by 154245?
5
Calculate the remainder when 1127 is divided by 54.
47
Calculate the remainder when 7204605 is divided by 531.
528
Calculate the remainder when 82864 is divided by 27559.
187
Calculate the remainder when 66549 is divided by 686.
7
What is the remainder when 2870 is divided by 144?
134
Calculate the remainder when 572635 is divided by 143158.
3
Calculate the remainder when 64838 is divided by 241.
9
Calculate the remainder when 16045 is divided by 729.
7
Calculate the remainder when 12115 is divid